{"id":19152,"date":"2024-04-25T09:28:58","date_gmt":"2024-04-25T09:28:58","guid":{"rendered":"https:\/\/veton.be\/?page_id=19152"},"modified":"2025-11-20T12:35:56","modified_gmt":"2025-11-20T12:35:56","slug":"gestion-de-lenergie-equilibrage-de-charge","status":"publish","type":"page","link":"https:\/\/veton.be\/fr\/gestion-de-lenergie-equilibrage-de-charge\/","title":{"rendered":"Gestion de l\u2019\u00e9nergie &#038; \u00e9quilibrage de charge"},"content":{"rendered":"<p>&nbsp;<\/p>\n<div class=\"hoverMask\" style=\"pointer-events: none; position: absolute; display: block; z-index: 2147483647; background-color: rgba(0, 153, 204, 0.3); height: 0px; width: 0px; top: 0px; left: 0px;\"><\/div>\n","protected":false},"excerpt":{"rendered":"<p>&nbsp;<\/p>\n","protected":false},"author":1,"featured_media":0,"parent":0,"menu_order":0,"comment_status":"closed","ping_status":"closed","template":"page-templates\/connectivity.php","meta":{"_acf_changed":false,"inline_featured_image":false,"footnotes":""},"class_list":["post-19152","page","type-page","status-publish","hentry"],"acf":[],"yoast_head":"<!-- This site is optimized with the Yoast SEO plugin v27.3 - https:\/\/yoast.com\/product\/yoast-seo-wordpress\/ -->\n<title>Gestion de l\u2019\u00e9nergie - Veton\u00ae - Recharges VE au design exclusif<\/title>\n<meta name=\"description\" content=\"Veton\u00ae est compatible avec de nombreuses plateformes de gestion de l\u2019\u00e9nergie , permettant de mieux contr\u00f4ler la consommation \u00e9nerg\u00e9tique.\" \/>\n<meta name=\"robots\" content=\"index, follow, max-snippet:-1, max-image-preview:large, max-video-preview:-1\" \/>\n<link rel=\"canonical\" href=\"https:\/\/veton.be\/fr\/gestion-de-lenergie-equilibrage-de-charge\/\" \/>\n<meta property=\"og:locale\" content=\"fr_FR\" \/>\n<meta property=\"og:type\" content=\"article\" \/>\n<meta property=\"og:title\" content=\"Veton\u00ae\" \/>\n<meta property=\"og:description\" content=\"Veton\u00ae est compatible avec de nombreuses plateformes de gestion de l\u2019\u00e9nergie , permettant de mieux contr\u00f4ler la consommation \u00e9nerg\u00e9tique.\" \/>\n<meta property=\"og:url\" content=\"https:\/\/veton.be\/fr\/gestion-de-lenergie-equilibrage-de-charge\/\" \/>\n<meta property=\"og:site_name\" content=\"Veton\u00ae\" \/>\n<meta property=\"article:publisher\" content=\"https:\/\/www.facebook.com\/vetonEV\" \/>\n<meta property=\"article:modified_time\" content=\"2025-11-20T12:35:56+00:00\" \/>\n<meta name=\"twitter:card\" content=\"summary_large_image\" \/>\n<meta name=\"twitter:label1\" content=\"Dur\u00e9e de lecture estim\u00e9e\" \/>\n\t<meta name=\"twitter:data1\" content=\"5 minutes\" \/>\n<script type=\"application\/ld+json\" class=\"yoast-schema-graph\">{\"@context\":\"https:\\\/\\\/schema.org\",\"@graph\":[{\"@type\":\"WebPage\",\"@id\":\"https:\\\/\\\/veton.be\\\/fr\\\/gestion-de-lenergie-equilibrage-de-charge\\\/\",\"url\":\"https:\\\/\\\/veton.be\\\/fr\\\/gestion-de-lenergie-equilibrage-de-charge\\\/\",\"name\":\"Gestion de l\u2019\u00e9nergie - Veton\u00ae - Recharges VE au design exclusif\",\"isPartOf\":{\"@id\":\"https:\\\/\\\/veton.be\\\/fr\\\/#website\"},\"datePublished\":\"2024-04-25T09:28:58+00:00\",\"dateModified\":\"2025-11-20T12:35:56+00:00\",\"description\":\"Veton\u00ae est compatible avec de nombreuses plateformes de gestion de l\u2019\u00e9nergie , permettant de mieux contr\u00f4ler la consommation \u00e9nerg\u00e9tique.\",\"inLanguage\":\"fr-FR\",\"potentialAction\":[{\"@type\":\"ReadAction\",\"target\":[\"https:\\\/\\\/veton.be\\\/fr\\\/gestion-de-lenergie-equilibrage-de-charge\\\/\"]}]},{\"@type\":\"WebSite\",\"@id\":\"https:\\\/\\\/veton.be\\\/fr\\\/#website\",\"url\":\"https:\\\/\\\/veton.be\\\/fr\\\/\",\"name\":\"Veton\u00ae\",\"description\":\"Charging masterpieces\",\"potentialAction\":[{\"@type\":\"SearchAction\",\"target\":{\"@type\":\"EntryPoint\",\"urlTemplate\":\"https:\\\/\\\/veton.be\\\/fr\\\/?s={search_term_string}\"},\"query-input\":{\"@type\":\"PropertyValueSpecification\",\"valueRequired\":true,\"valueName\":\"search_term_string\"}}],\"inLanguage\":\"fr-FR\"}]}<\/script>\n<!-- \/ Yoast SEO plugin. -->","yoast_head_json":{"title":"Gestion de l\u2019\u00e9nergie - Veton\u00ae - Recharges VE au design exclusif","description":"Veton\u00ae est compatible avec de nombreuses plateformes de gestion de l\u2019\u00e9nergie , permettant de mieux contr\u00f4ler la consommation \u00e9nerg\u00e9tique.","robots":{"index":"index","follow":"follow","max-snippet":"max-snippet:-1","max-image-preview":"max-image-preview:large","max-video-preview":"max-video-preview:-1"},"canonical":"https:\/\/veton.be\/fr\/gestion-de-lenergie-equilibrage-de-charge\/","og_locale":"fr_FR","og_type":"article","og_title":"Veton\u00ae","og_description":"Veton\u00ae est compatible avec de nombreuses plateformes de gestion de l\u2019\u00e9nergie , permettant de mieux contr\u00f4ler la consommation \u00e9nerg\u00e9tique.","og_url":"https:\/\/veton.be\/fr\/gestion-de-lenergie-equilibrage-de-charge\/","og_site_name":"Veton\u00ae","article_publisher":"https:\/\/www.facebook.com\/vetonEV","article_modified_time":"2025-11-20T12:35:56+00:00","twitter_card":"summary_large_image","twitter_misc":{"Dur\u00e9e de lecture estim\u00e9e":"5 minutes"},"schema":{"@context":"https:\/\/schema.org","@graph":[{"@type":"WebPage","@id":"https:\/\/veton.be\/fr\/gestion-de-lenergie-equilibrage-de-charge\/","url":"https:\/\/veton.be\/fr\/gestion-de-lenergie-equilibrage-de-charge\/","name":"Gestion de l\u2019\u00e9nergie - Veton\u00ae - Recharges VE au design exclusif","isPartOf":{"@id":"https:\/\/veton.be\/fr\/#website"},"datePublished":"2024-04-25T09:28:58+00:00","dateModified":"2025-11-20T12:35:56+00:00","description":"Veton\u00ae est compatible avec de nombreuses plateformes de gestion de l\u2019\u00e9nergie , permettant de mieux contr\u00f4ler la consommation \u00e9nerg\u00e9tique.","inLanguage":"fr-FR","potentialAction":[{"@type":"ReadAction","target":["https:\/\/veton.be\/fr\/gestion-de-lenergie-equilibrage-de-charge\/"]}]},{"@type":"WebSite","@id":"https:\/\/veton.be\/fr\/#website","url":"https:\/\/veton.be\/fr\/","name":"Veton\u00ae","description":"Charging masterpieces","potentialAction":[{"@type":"SearchAction","target":{"@type":"EntryPoint","urlTemplate":"https:\/\/veton.be\/fr\/?s={search_term_string}"},"query-input":{"@type":"PropertyValueSpecification","valueRequired":true,"valueName":"search_term_string"}}],"inLanguage":"fr-FR"}]}},"_links":{"self":[{"href":"https:\/\/veton.be\/fr\/wp-json\/wp\/v2\/pages\/19152","targetHints":{"allow":["GET"]}}],"collection":[{"href":"https:\/\/veton.be\/fr\/wp-json\/wp\/v2\/pages"}],"about":[{"href":"https:\/\/veton.be\/fr\/wp-json\/wp\/v2\/types\/page"}],"author":[{"embeddable":true,"href":"https:\/\/veton.be\/fr\/wp-json\/wp\/v2\/users\/1"}],"replies":[{"embeddable":true,"href":"https:\/\/veton.be\/fr\/wp-json\/wp\/v2\/comments?post=19152"}],"version-history":[{"count":5,"href":"https:\/\/veton.be\/fr\/wp-json\/wp\/v2\/pages\/19152\/revisions"}],"predecessor-version":[{"id":19491,"href":"https:\/\/veton.be\/fr\/wp-json\/wp\/v2\/pages\/19152\/revisions\/19491"}],"wp:attachment":[{"href":"https:\/\/veton.be\/fr\/wp-json\/wp\/v2\/media?parent=19152"}],"curies":[{"name":"wp","href":"https:\/\/api.w.org\/{rel}","templated":true}]}}

Gestion de l’énergie &#038; équilibrage de charge

<!-- This site is optimized with the Yoast SEO plugin v27.3 - https://yoast.com/product/yoast-seo-wordpress/ -->
<title>Gestion de l’énergie - Veton® - Recharges VE au design exclusif</title>
<meta name="description" content="Veton® est compatible avec de nombreuses plateformes de gestion de l’énergie , permettant de mieux contrôler la consommation énergétique." />
<meta name="robots" content="index, follow, max-snippet:-1, max-image-preview:large, max-video-preview:-1" />
<link rel="canonical" href="https://veton.be/fr/gestion-de-lenergie-equilibrage-de-charge/" />
<meta property="og:locale" content="fr_FR" />
<meta property="og:type" content="article" />
<meta property="og:title" content="Veton®" />
<meta property="og:description" content="Veton® est compatible avec de nombreuses plateformes de gestion de l’énergie , permettant de mieux contrôler la consommation énergétique." />
<meta property="og:url" content="https://veton.be/fr/gestion-de-lenergie-equilibrage-de-charge/" />
<meta property="og:site_name" content="Veton®" />
<meta property="article:publisher" content="https://www.facebook.com/vetonEV" />
<meta property="article:modified_time" content="2025-11-20T12:35:56+00:00" />
<meta name="twitter:card" content="summary_large_image" />
<meta name="twitter:label1" content="Durée de lecture estimée" />
	<meta name="twitter:data1" content="5 minutes" />
<script type="application/ld+json" class="yoast-schema-graph">{"@context":"https:\/\/schema.org","@graph":[{"@type":"WebPage","@id":"https:\/\/veton.be\/fr\/gestion-de-lenergie-equilibrage-de-charge\/","url":"https:\/\/veton.be\/fr\/gestion-de-lenergie-equilibrage-de-charge\/","name":"Gestion de l’énergie - Veton® - Recharges VE au design exclusif","isPartOf":{"@id":"https:\/\/veton.be\/fr\/#website"},"datePublished":"2024-04-25T09:28:58+00:00","dateModified":"2025-11-20T12:35:56+00:00","description":"Veton® est compatible avec de nombreuses plateformes de gestion de l’énergie , permettant de mieux contrôler la consommation énergétique.","inLanguage":"fr-FR","potentialAction":[{"@type":"ReadAction","target":["https:\/\/veton.be\/fr\/gestion-de-lenergie-equilibrage-de-charge\/"]}]},{"@type":"WebSite","@id":"https:\/\/veton.be\/fr\/#website","url":"https:\/\/veton.be\/fr\/","name":"Veton®","description":"Charging masterpieces","potentialAction":[{"@type":"SearchAction","target":{"@type":"EntryPoint","urlTemplate":"https:\/\/veton.be\/fr\/?s={search_term_string}"},"query-input":{"@type":"PropertyValueSpecification","valueRequired":true,"valueName":"search_term_string"}}],"inLanguage":"fr-FR"}]}</script>
<!-- / Yoast SEO plugin. -->

Gestion de l’énergie - Veton® - Recharges VE au design exclusif

Veton® est compatible avec de nombreuses plateformes de gestion de l’énergie , permettant de mieux contrôler la consommation énergétique.
